{"id":32,"date":"2025-09-24T14:40:06","date_gmt":"2025-09-24T14:40:06","guid":{"rendered":"https:\/\/monexpertpaie.fr\/?page_id=32"},"modified":"2025-12-22T18:59:52","modified_gmt":"2025-12-22T18:59:52","slug":"a-propos","status":"publish","type":"page","link":"https:\/\/monexpertpaie.fr\/?page_id=32","title":{"rendered":"\u00c0 propos"},"content":{"rendered":"\t\t<div data-elementor-type=\"wp-page\" data-elementor-id=\"32\" class=\"elementor elementor-32\">\n\t\t\t\t<div class=\"elementor-element elementor-element-2ec9d630 e-con-full e-flex e-con e-parent\" data-id=\"2ec9d630\" data-element_type=\"container\">\n\t\t<div class=\"elementor-element elementor-element-496edb39 e-con-full e-flex e-con e-child\" data-id=\"496edb39\" data-element_type=\"container\">\n\t\t\t\t<div class=\"elementor-element elementor-element-3353e39a elementor-widget elementor-widget-heading\" data-id=\"3353e39a\" data-element_type=\"widget\" data-widget_type=\"heading.default\">\n\t\t\t\t\t<h1 class=\"elementor-heading-title elementor-size-default\">\u00c0 propos de moi<\/h1>\t\t\t\t<\/div>\n\t\t\t\t<div class=\"elementor-element elementor-element-21d3c373 elementor-widget-divider--view-line elementor-widget elementor-widget-divider\" data-id=\"21d3c373\" data-element_type=\"widget\" data-widget_type=\"divider.default\">\n\t\t\t\t\t\t\t<div class=\"elementor-divider\">\n\t\t\t<span class=\"elementor-divider-separator\">\n\t\t\t\t\t\t<\/span>\n\t\t<\/div>\n\t\t\t\t\t\t<\/div>\n\t\t\t\t<div class=\"elementor-element elementor-element-4a2fa918 elementor-widget__width-initial elementor-widget elementor-widget-text-editor\" data-id=\"4a2fa918\" data-element_type=\"widget\" data-widget_type=\"text-editor.default\">\n\t\t\t\t\t\t\t\t\t<p data-start=\"206\" data-end=\"470\">Je suis Yacine, gestionnaire de paie freelance, sp\u00e9cialis\u00e9 dans l\u2019accompagnement des TPE et PME. Mon objectif est simple : vous permettre de\u00a0<strong data-start=\"354\" data-end=\"405\">g\u00e9rer la paie de vos salari\u00e9s en toute s\u00e9r\u00e9nit\u00e9<\/strong>, tout en respectant les obligations l\u00e9gales et r\u00e9glementaires.<\/p><p data-start=\"472\" data-end=\"795\">Depuis mes d\u00e9buts dans le domaine de la paie, j\u2019ai aid\u00e9 de nombreuses entreprises \u00e0\u00a0<strong data-start=\"556\" data-end=\"634\">simplifier leurs processus, \u00e9viter les erreurs et gagner du temps pr\u00e9cieux<\/strong>. Chaque mission est pour moi l\u2019occasion de mettre mon expertise au service de vos besoins sp\u00e9cifiques, avec\u00a0<strong data-start=\"743\" data-end=\"792\">rigueur, confidentialit\u00e9 et professionnalisme<\/strong>.<\/p><p data-start=\"797\" data-end=\"1069\">Je crois qu\u2019une bonne gestion de la paie ne se limite pas aux chiffres : il s\u2019agit aussi de cr\u00e9er un\u00a0<strong data-start=\"898\" data-end=\"943\">partenariat de confiance avec mes clients<\/strong>. C\u2019est pourquoi je propose un\u00a0<strong data-start=\"974\" data-end=\"1005\">accompagnement personnalis\u00e9<\/strong>, adapt\u00e9 \u00e0 la taille de votre entreprise et \u00e0 vos contraintes.<\/p>\t\t\t\t\t\t\t\t<\/div>\n\t\t\t\t<\/div>\n\t\t<div class=\"elementor-element elementor-element-2ca5d2c0 e-con-full e-flex e-con e-child\" data-id=\"2ca5d2c0\" data-element_type=\"container\" data-settings=\"{&quot;background_background&quot;:&quot;classic&quot;}\">\n\t\t\t\t<\/div>\n\t\t\t\t<\/div>\n\t\t<div class=\"elementor-element elementor-element-6dc50d90 e-flex e-con-boxed e-con e-parent\" data-id=\"6dc50d90\" data-element_type=\"container\">\n\t\t\t\t\t<div class=\"e-con-inner\">\n\t\t\t\t<div class=\"elementor-element elementor-element-459095c elementor-widget elementor-widget-heading\" data-id=\"459095c\" data-element_type=\"widget\" data-widget_type=\"heading.default\">\n\t\t\t\t\t<h2 class=\"elementor-heading-title elementor-size-default\"><span style=\"text-align: start;background-color: transparent\">Demandez votre devis gratuit<\/span><\/h2>\t\t\t\t<\/div>\n\t\t\t\t<div class=\"elementor-element elementor-element-312f1318 elementor-widget__width-initial elementor-widget elementor-widget-text-editor\" data-id=\"312f1318\" data-element_type=\"widget\" data-widget_type=\"text-editor.default\">\n\t\t\t\t\t\t\t\t\t<p>Chaque mois compte pour la gestion de vos salari\u00e9s et vos obligations sociales. Contactez-moi d\u00e8s aujourd\u2019hui.<\/p>\t\t\t\t\t\t\t\t<\/div>\n\t\t\t\t<div class=\"elementor-element elementor-element-3913940f elementor-align-center elementor-invisible elementor-widget elementor-widget-button\" data-id=\"3913940f\" data-element_type=\"widget\" data-settings=\"{&quot;_animation&quot;:&quot;fadeInDown&quot;}\" data-widget_type=\"button.default\">\n\t\t\t\t\t\t\t\t\t\t<a class=\"elementor-button elementor-button-link elementor-size-sm\" href=\"https:\/\/monexpertpaie.fr\/?page_id=11\">\n\t\t\t\t\t\t<span class=\"elementor-button-content-wrapper\">\n\t\t\t\t\t\t\t\t\t<span class=\"elementor-button-text\">Contactez-moi<\/span>\n\t\t\t\t\t<\/span>\n\t\t\t\t\t<\/a>\n\t\t\t\t\t\t\t\t<\/div>\n\t\t\t\t\t<\/div>\n\t\t\t\t<\/div>\n\t\t\t\t<\/div>\n\t\t","protected":false},"excerpt":{"rendered":"<p>\u00c0 propos de moi Je suis Yacine, gestionnaire de paie freelance, sp\u00e9cialis\u00e9 dans l\u2019accompagnement des TPE et PME. Mon objectif est simple : vous permettre de\u00a0g\u00e9rer la paie de vos salari\u00e9s en toute s\u00e9r\u00e9nit\u00e9, tout en respectant les obligations l\u00e9gales et r\u00e9glementaires. Depuis mes d\u00e9buts dans le domaine de la paie, j\u2019ai aid\u00e9 de nombreuses [&hellip;]<\/p>\n","protected":false},"author":1,"featured_media":39,"parent":0,"menu_order":0,"comment_status":"closed","ping_status":"closed","template":"elementor_header_footer","meta":{"footnotes":""},"class_list":["post-32","page","type-page","status-publish","has-post-thumbnail","hentry"],"_links":{"self":[{"href":"https:\/\/monexpertpaie.fr\/index.php?rest_route=\/wp\/v2\/pages\/32","targetHints":{"allow":["GET"]}}],"collection":[{"href":"https:\/\/monexpertpaie.fr\/index.php?rest_route=\/wp\/v2\/pages"}],"about":[{"href":"https:\/\/monexpertpaie.fr\/index.php?rest_route=\/wp\/v2\/types\/page"}],"author":[{"embeddable":true,"href":"https:\/\/monexpertpaie.fr\/index.php?rest_route=\/wp\/v2\/users\/1"}],"replies":[{"embeddable":true,"href":"https:\/\/monexpertpaie.fr\/index.php?rest_route=%2Fwp%2Fv2%2Fcomments&post=32"}],"version-history":[{"count":26,"href":"https:\/\/monexpertpaie.fr\/index.php?rest_route=\/wp\/v2\/pages\/32\/revisions"}],"predecessor-version":[{"id":413,"href":"https:\/\/monexpertpaie.fr\/index.php?rest_route=\/wp\/v2\/pages\/32\/revisions\/413"}],"wp:featuredmedia":[{"embeddable":true,"href":"https:\/\/monexpertpaie.fr\/index.php?rest_route=\/wp\/v2\/media\/39"}],"wp:attachment":[{"href":"https:\/\/monexpertpaie.fr\/index.php?rest_route=%2Fwp%2Fv2%2Fmedia&parent=32"}],"curies":[{"name":"wp","href":"https:\/\/api.w.org\/{rel}","templated":true}]}}